 i(l).
2, 23
Let k be (16/10)/((-5)/(-200)*2). Let h = k + -28. Suppose -d + 19 = h*o, -d = 2*d - 4*o - 137. List the prime factors of d.
3, 13
What are the prime factors of ((-496)/(-372))/((-4)/(-103617))?
3, 29, 397
Let j = -7772 - -12904. What are the prime factors of j?
2, 1283
Suppose 2*m + f - 1385 = 0, -404 = 3*m - 2*f - 2464. Suppose 0*o + 5*o = m. What are the prime factors of o?
2, 3, 23
Suppose 4*z = -5*h - 3460, z + 2063 = -3*h - 4*z. What are the prime factors of (h/20)/(9/(-150))?
2, 5, 29
Let w(y) = -4463*y - 3109. List the prime factors of w(-5).
2, 3, 11, 97
Let k(z) = -z + 21. Let i be k(21). Suppose -4*x = -3*l - l + 1420, i = -x - 3. Suppose -13 = 3*o - l. What are the prime factors of o?
113
Suppose 42*s - 80*s + 1154174 = 0. What are the prime factors of s?
7, 4339
Let x be (-94)/8*1 - (-115)/(-460). What are the prime factors of 1528 + (x - 6)/6?
5, 61
Suppose 10422 = l + 5*b, 2*l + 2*b - 4*b = 20916. What are the prime factors of l?
2, 3, 13, 67
Let p = 5142 + -1519. List the prime factors of p.
3623
Suppose 2*q - 1363 = -2*q - 3*p, -2*q + p + 679 = 0. Suppose 0 = 16*k - 21*k + q. Let m = k - -1. What are the prime factors of m?
3, 23
Let n(b) = -b**2 + 12*b + 30. Let z be n(14). Suppose 3*h = 0, 8*w - 11*w - z*h + 1599 = 0. List the prime factors of w.
13, 41
Suppose 0*c - 2*b - 262 = 2*c, 2*c + b + 257 = 0. Let k = 3 - 3. List the prime factors of (k - -4) + c/(-1).
2, 5, 13
Let n = -737 + 1837. What are the prime factors of n - (5/5 - (8 - 6))?
3, 367
Let k(t) = 19*t**2 + 4*t + 4. Suppose 2*r + 3 = -3. Let d be k(r). Suppose -d = -5*q - 4*l - 19, 3*q = -2*l + 86. List the prime factors of q.
2, 7
Let g = -20 - -25. Suppose -20 = -g*r + 35. Suppose -16 = -3*s + r. List the prime factors of s.
3
Suppose 7*c - 122284 = 5*s, 3*c - 4*s + 17455 = 4*c. What are the prime factors of c?
17467
Let y(v) = -v + 2. Let h be y(2). What are the prime factors of h/(-6) - (-5)/((-20)/(-1528))?
2, 191
Suppose -627*j = -551*j - 12692. What are the prime factors of j?
167
Let p(q) = -11*q**3 - 19*q**2 - 6*q - 12. What are the prime factors of p(-9)?
2, 3, 1087
Suppose -6*b + 35 = -b - 3*i, 0 = -4*b - 2*i + 50. Let f = 252 + -287. List the prime factors of 4*2*(f/b - -4).
2
Suppose 15*v = 10*v + 7665. Let n = -832 + v. Suppose 4*k + 5*a - n = 0, 2*a + 5 = 7*a. What are the prime factors of k?
2, 3, 29
Suppose 3*r + 9896 = 39467. Suppose r = 5*m + p, -3956 = -2*m + 17*p - 13*p. What are the prime factors of m?
2, 17, 29
List the prime factors of 2/(8/24*((-106304)/(-21256) + -5)).
2, 2657
Let b(c) = -14*c**2 + 11 - 22 - 15 - 3*c. Let x(f) = 5*f**2 + f + 9. Let g(j) = -4*b(j) - 11*x(j). What are the prime factors of g(5)?
5, 7
Suppose -3*f + 18958 = -628*r + 630*r, -37956 = -4*r + 4*f. List the prime factors of r.
5, 7, 271
Let i(k) = -4*k**2 - 3*k - 3*k + k + 3*k + 6*k**3. Suppose 2 = r + 4*p, -4*p = 5*r + p - 10. What are the prime factors of i(r)?
2, 7
Let y(g) = -2390*g - 1597. What are the prime factors of y(-5)?
3, 7, 17, 29
Let a = -1300 - -4382. Suppose -4*j + 1760 = -5*i - 2380, -2*i = 3*j - a. List the prime factors of j.
2, 5, 103
Suppose -4*t + 4 = p - 1, -2 = -4*t - 2*p. Suppose -t*z + 3648 = 2*s, -8*z = -6*z - 5*s - 3676. What are the prime factors of z?
2, 457
Let f(r) = 150*r**2 - 104*r + 1713. What are the prime factors of f(15)?
3, 3767
Let l(u) = -u**2 + 6*u - 5. Let m = 80 - 83. Let n be l(m). List the prime factors of 10*(n/6)/((-30)/45).
2, 5
List the prime factors of 287*55 - (11 - 8).
2, 13, 607
Suppose -8*b + 61 = 13. List the prime factors of (-1)/(-2)*(b + 7 + 253).
7, 19
Suppose 5*w + 25 = 2*d, -91 = -5*d - 0*w + 3*w. Suppose -l + 18 = p - 6*l, 2*p = 2*l + d. Suppose -p*i + 9*i - 73 = 0. List the prime factors of i.
73
Suppose 0 = 5*s + 3*d - 88, -s + 0*s + 5*d = -40. Let w(t) = t**2 - 7*t + 1. Let n be w(s). Let x = -120 + n. List the prime factors of x.
3, 47
Let a be 0 - ((6 - 48) + -3). List the prime factors of 0 + (a + 2 - 4/4).
2, 23
Let a = 4524 + 1801. List the prime factors of a.
5, 11, 23
What are the prime factors of (-31 + (35055 - -13))*4/6?
2, 3, 17, 229
Let o be ((-38)/8)/(11/(-308)). Suppose 6*w - 20 = 550. Let j = o - w. List the prime factors of j.
2, 19
Suppose -11 = -2*o + r, -2*o + 4*r - 2 = -16. Suppose -4*g + 117 = -3*q - 65, 84 = 2*g - o*q. Suppose 43*s + 404 = g*s. What are the prime factors of s?
101
Let h(c) = 586*c**2 - 87*c - 34. What are the prime factors of h(4)?
2, 3, 1499
List the prime factors of ((-32)/(-192) + 1/(-2))*-110811.
43, 859
Let a be (-9)/(-6) - (-2854)/4. Suppose -2*c + 7*c - a = -2*q, 1397 = 4*q - c. List the prime factors of q.
2, 5, 7
Let r = 70 + -45. Let g = 11 + r. List the prime factors of (73/(-3))/((-12)/g).
73
Let f be 2 + -1 + -5 + (-2 - -10). Suppose -2 = -l, -f*z - 3*l + 621 + 561 = 0. What are the prime factors of z?
2, 3, 7
Let d = -28396 - -70843. What are the prime factors of d?
3, 14149
Let h(l) = -2*l**3 - 51*l**2 - 20*l - 19. Let x be h(-25). Let r be (-23504)/x + (-2)/9. Let i = -51 + r. What are the prime factors of i?
2, 7
Let d(u) = -152*u + 80. Let o be d(4). List the prime factors of (o/18)/22*1200/(-2).
2, 5
Let d be (-2)/9 + (-2)/(-9). Suppose d = -27*m + 218 + 808. List the prime factors of m.
2, 19
What are the prime factors of (-2 + (-67620)/(-2))/(124 + -122)?
2, 2113
Let g(v) = 315*v + 2551. List the prime factors of g(-5).
2, 61
Suppose -9*a - 464 = -1751. Suppose -j + 5*b + a = 0, 3*j = 5*j - 5*b - 281. What are the prime factors of j?
2, 3, 23
Let b(f) = -24 + 300*f + 10 - 8 - 15. What are the prime factors of b(3)?
863
Let g(z) = -890*z - 1696. What are the prime factors of g(-17)?
2, 3, 2239
Suppose 0 = 4*s + 3*g - 3124, -15 = 3*g - 3. Suppose -14*k - s = -18*k. What are the prime factors of k?
2, 7
Let v(w) = w**3 - 2*w**2 - 64*w + 7346. List the prime factors of v(0).
2, 3673
Let h be (-14)/3*23/((-1610)/360). What are the prime factors of (h/(-44))/3 - (-2842)/22?
3, 43
Let t(l) = -l**2 - 8*l + 17. Suppose -y = 9 + 1. Let i be t(y). What are the prime factors of (96 + i)/3 + 0?
31
Let i(z) = -z**3 + 20*z**2 - 34*z + 21. Let w be i(18). Suppose -65*g = -w*g - 3336. What are the prime factors of g?
3, 139
Suppose -4*a = -k + a + 1326, -4*k + 5274 = -5*a. Suppose k = 2*m - 124. List the prime factors of m.
2, 3, 5
Suppose 0 = 8*q - 3*q - 5960. Let h(w) = -2*w**2 + 8*w - 2. Let g be h(3). Suppose -2*c - 720 = -5*c + 4*m, -q = -5*c + g*m. List the prime factors of c.
2, 59
Let m(c) = -c**3 + 3*c**2 + c + 3. Let f = 258 + -255. List the prime factors of m(f).
2, 3
Let i be 4/((-4 - 1)/(-5)). Suppose -2*z - 2 = i*h, 9 - 2 = -2*h + z. What are the prime factors of ((-361)/(-95))/(h/(-10))?
19
Let v = -5784 - -9623. List the prime factors of v.
11, 349
Let x(d) = -8*d**2 - 9. Let z be (0 + -3)*45/(-27). Let y be x(z). Let u = -134 - y. List the prime factors of u.
3, 5
Let v = 548 - 132. Let t = -91 + v. What are the prime factors of t?
5, 13
Suppose -350480 - 95763 = -49*b. What are the prime factors of b?
7, 1301
Let n = -727 + 1227. Let l = -321 + n. What are the prime factors of l?
179
Suppose 10*b - 3180 = -20*b. Let o(m) = m**2 - 4*m. Let a be o(4). Suppose a*y - b = -2*p + 3*y, -5*p = -2*y - 287. List the prime factors of p.
59
Let h = 88363 + -28740. List the prime factors of h.
109, 547
What are the prime factors of (-12*(16 + 1))/(4/(-490) - 0)?
2, 3, 5, 7, 17
Let z(p) = -29*p - 2. Let u = -62 + 60. Let w be u*((-18)/(-4) + -3). What are the prime factors of z(w)?
5, 17
Suppose -v = -18 - 20. Let n be -6*25/15*1/(-2). Suppose -n*c - v = -7*c. What are the prime factors of c?
19
Let p(y) = -2*y**3 - 26*y**2 + 8*y + 44. Let b be p(-22). List the prime factors of 72/(-20)*b/(-22).
2, 3, 13
Suppose 96*c - 369467 = 49*c. What are the prime factors of c?
7, 1123
List the prime factors of 264887/10 + (-8)/(-80)*(14 + -11).
26489
What are the prime factors of (27843 - 3/6*2) + 7 + -3?
2, 3, 7, 13, 17
Suppose -4 = 2*c - 12. Let v(d) = -d**3 + 19*d - 10. Let l be v(4). Suppose -l*a - c + 136 = 0. What are the prime factors of a?
2, 3, 11
Suppose 78*j = -87*j + 148*j + 271473. What are the prime factors of j?
3, 5323
Suppose 2*o = -22 + 36. Suppose -19*j + o*j = -19860. What are the prime factors of j?
5, 331
Suppose 95*w + 1742